omposite number?
False
Suppose -3*k + 0*k - 15 = 0. Let s(f) = f**3 + 4*f**2 - 4*f + 7. Let b be s(k). Suppose -2*u + 470 = -2*g, -u + 0*g + b*g = -237. Is u a prime number?
True
Let n be (18/10)/((-3)/(-135)). Let x = 154 - n. Suppose -2*r + 5*i + 285 = 3*r, -r + 5*i + x = 0. Is r a composite number?
False
Suppose -3*t - 7239 = -22*t. Is t a composite number?
True
Let g(o) = 532*o - 159. Is g(31) a prime number?
True
Let i = 98 + -146. Let k = i + 207. Is k a prime number?
False
Suppose -14*s + 37 = -47. Is ((-6)/((-36)/4714))/(2/s) composite?
False
Let r(i) = -5 + i**3 + 9*i + 2*i + 2*i**2 - 7 - 9*i**2. Suppose -4*o = 5*l - 27, 3*l + l - 5*o = 38. Is r(l) prime?
False
Suppose 3*f + 4*s - 49063 = 0, s + 32690 = 2*f - s. Is f prime?
True
Let j = -71 - -210. Let a = -48 + j. Suppose 3*u - a = -h + u, -2*u = -2. Is h a prime number?
True
Let h(k) = -2*k**3 + k**2 + 3*k + 3. Let t be h(-1). Is t - (0/((-9)/3) - 54) a prime number?
False
Let o(a) = -2944*a + 1. Let g be o(-1). Let s = -906 + g. Is s a composite number?
False
Let i(x) = 2*x**2 + 2*x - 29. Let j = 65 - 50. Is i(j) a prime number?
False
Let d(r) = r**3 - 7*r**2 - 3*r - 11. Let k be d(8). Let g = -27 + k. Suppose -3*c = -2*v - g*v + 1076, 3*v + c - 807 = 0. Is v composite?
False
Let b(x) = -20*x**3 + 43*x**2 - 18*x + 5. Is b(-6) prime?
True
Suppose -45*l - 645 = -40*l. Let i = l - -440. Is i a prime number?
True
Suppose -5*h - 2*h = -13104. Suppose -3*d - c + h = 0, 0 = -2*c + 7 - 1. Is d a prime number?
False
Let s = -544 + 268. Let k = 469 - s. Is k prime?
False
Let g(j) be the second derivative of 19*j**7/2520 + j**6/180 - 7*j**4/12 - 2*j. Let a(r) be the third derivative of g(r). Is a(-3) a prime number?
False
Suppose -172*w = -b - 176*w + 5443, 21746 = 4*b + 3*w. Is b prime?
False
Let o(l) = -13*l**3 + 5*l**2 + 7*l - 28. Is o(-9) a prime number?
True
Let n(b) = 49*b - 102*b + 632*b**2 + 54*b. Is n(-1) a composite number?
False
Let w(m) = -m**3 + 4*m**2 - 5. Let b be w(3). Let y(j) = j + 2*j**2 - 7*j**2 + 6*j**3 + 5*j - 4*j + 5. Is y(b) a composite number?
False
Let f(c) = 1489*c**2 + 5*c - 13. Is f(2) composite?
False
Let m(t) = 18*t**2 - 10*t - 7. Suppose 29*g - 31*g = -40. Suppose 5*v = 7*v - g. Is m(v) a composite number?
False
Suppose -17*x + 50627 = -68390. Is x a composite number?
False
Is 111742/(8/(-48)*(-5 - -1)) a prime number?
False
Let v(m) = 367*m + 3. Let p(u) = 367*u + 2. Let k(n) = -6*p(n) + 5*v(n). Is k(-4) a prime number?
True
Suppose 4*p + 2*o - 5*o + 136 = 0, 5*o = 0. Is (-2 - p) + 4 + -5 composite?
False
Let p be (-2 + 4 + 3 - -1) + 2. Suppose p*y = y + 2149. Is y composite?
False
Suppose 138*t - 2995 = 137*t. Suppose -t = 95*k - 100*k. Is k a composite number?
False
Suppose 459 = -6*p + 3957. Is p prime?
False
Let p be 2*(-1 + 4)*-1. Is p/(-3) - (-92 - 1) composite?
True
Suppose -37478 = -13*a - 5095. Is a composite?
True
Let l be (-1 + -2022)*(0 + -7). Let t = l - 9045. Is t/6 + 12/36 a prime number?
True
Suppose 0 = -2*t - 2 + 20. Let a be t/(-6) + 11/2. Is 190/(a*(-2)/(-4)) a composite number?
True
Let a(z) = 2*z**3 - 49*z**2 + 26*z + 172. Is a(35) prime?
False
Suppose 976*m - 971*m - 50545 = 0. Is m prime?
False
Let m(x) = 114*x - 30. Let p(g) = -38*g + 10. Let a(j) = -3*m(j) - 10*p(j). Suppose 5*u - 35 = -4*n + 7*n, 4*n = -3*u - 8. Is a(u) prime?
False
Suppose 4*p - 20866 = 11*w - 13*w, 0 = -4*p + 12. Is w prime?
True
Let o = -262 - -976. Suppose 0 = -0*q - 5*q + a + 765, 306 = 2*q + a. Suppose -o = -3*u - q. Is u a composite number?
True
Let y = -27 + 39. Let g be (-40)/(-15)*(-27)/y. Is ((-271)/2)/(3/g) composite?
False
Let l(m) = 36*m**3 + 23*m**2 + 5*m + 7. Is l(6) a prime number?
True
Suppose 7*v - 5*v = 4. Suppose 1784 = 6*m + v*m. Is m composite?
False
Let f be 6 + -5 + 3 + 1/1. Suppose 4*m - 2*c - 19847 = 14013, 5*m - 42325 = -f*c. Is m a composite number?
True
Suppose -5*a - 228 = -d, -2*a - a + 1280 = 5*d. Suppose 1 = l, -2*i = -6*l + l + d. Let q = -37 - i. Is q a prime number?
False
Let j = 59 + -138. Let y = 43 - j. Is y a prime number?
False
Is ((-19749)/2 - -3)*4/(-6) a composite number?
False
Let y(c) = -c**3 - 20*c**2 + 50*c - 40. Is y(-29) prime?
True
Suppose 69 = -2*a - 0*u + 5*u, -5*a = u + 132. Let t = 134 - a. Let z = t + -102. Is z a prime number?
True
Let t = 12254 - 5223. Is t composite?
True
Suppose -2*c + 8*c - 8166 = 0. Is c prime?
True
Let k be (-70)/(-1)*(-3)/(-2). Let m = -185 + k. Is (-1 - m)/(1/7) prime?
False
Let p(w) = -4*w**3 + w**2 - w - 1. Let g be p(1). Let q(i) = i + 8. Let m be q(g). Suppose -2652 = -m*r + 531. Is r prime?
True
Let l = -28748 + 94885. Is l prime?
True
Let l be 6/8 - (-1245)/4. Suppose 0 = -7*h - 95 + l. Is h prime?
True
Suppose 0 = -5*x - 46024 + 314849. Is x prime?
False
Suppose -4*f - 15 = -7, -3*v + 2*f = -49975. Is v a prime number?
True
Let o = 2125 + -1236. Suppose 0 = 3*j - 10*j + o. Is j prime?
True
Let c(k) = -18*k**3 - 2*k**2 - 5*k. Let n be c(-5). Suppose 5*t + 0*t = n. Is t a prime number?
False
Is 3 + -1 + 1052 + (-1 - 4) composite?
False
Let y(h) be the second derivative of -6*h + 0 + 3/4*h**4 - 7/2*h**2 - 3/2*h**3. Is y(7) a composite number?
True
Suppose k = 3*x + 3*k + 58, -5*k + 20 = 0. Let p be (-4)/x - 10556/(-22). Let i = 241 + p. Is i a prime number?
False
Let h(m) = -11*m**3 + 90*m - 56. Is h(-9) prime?
False
Let y be 177*(0 + (-3)/(-9)). Suppose 104 - 326 = -2*x - 2*k, -4*x + 451 = -3*k. Let g = x - y. Is g a composite number?
False
Let p = -2 + 6. Suppose p*x - 630 = -x. Let c = x - 35. Is c composite?
True
Suppose -552784 = -11*j + 3*j. Is j a composite number?
True
Let a = -319 + 511. Let n = a - -11. Is n a prime number?
False
Let l(j) = -2*j**2 + 19*j + 7. Let s be l(9). Let d(h) = 3*h**2 - 23*h + 19. Is d(s) a composite number?
False
Suppose 34 = 2*j + 6. Let v = 1 - -3. Is 718/j - v/14 a composite number?
True
Suppose 4*z = 8329 - 1701. Is z a composite number?
False
Let z(f) = 60*f**3 - 2*f**2 - 4*f - 5. Let a be z(5). Is (-1)/4 - a/(-20) a prime number?
False
Suppose 0 = 5*m + d - 35, -3*d - 15 = -0*d. Let y(t) = 7*t**2 - 6*t + 9. Is y(m) a prime number?
True
Suppose 1 = -l, -4*o + 6*l = l - 5. Suppose o = -4*w + 5*m + 3816, 108 - 3005 = -3*w - 5*m. Is w a composite number?
True
Is ((-94)/(-235))/((-494893)/164965 - -3) composite?
False
Let u(h) = -h**2 + h + 2. Let x be u(-2). Let m(z) = -6*z**3 + 4*z**2 + 7*z + 7. Is m(x) prime?
False
Is -271 - -272 - (2 - -20)*-781 prime?
True
Suppose h - 12 = -3*v + 1, 4*v - 34 = -3*h. Suppose -15*s + 5295 = -h*s. Is s a composite number?
True
Let q(d) = -114*d**2 - 3*d - 3. Let u(s) = -115*s**2 - 3*s - 3. Let v(g) = -6*q(g) + 5*u(g). Is v(3) prime?
False
Suppose -13*m + 12*m + 33 = 0. Let v = m - 30. Suppose v*z - 819 = 1626. Is z a prime number?
False
Suppose 2*q = q + 250. Suppose 2*w = 2*t - q, -383 = -3*t - 0*t - w. Is t a prime number?
True
Suppose 0 = -j + 4*v + 62659, 4*v + 29739 = 5*j - 283476. Is j composite?
False
Suppose 5*k + k = 8016. Let c = k - 695. Is c composite?
False
Let c(o) = o**2 - 6*o + 6. Let n be c(-9). Let v = n + -103. Is v prime?
False
Let g = 17 - 10. Let o(s) = s**3 + 2*s**2 - 9*s - 4. Let v be o(g). Suppose 4*q - 748 = -0*q - 5*w, -v = -2*q + 3*w. Is q prime?
False
Suppose n + 4*n - 10 = 5*f, 5*f = -n + 2. Suppose -5*h - 1631 = -n*g + 2650, -4*h = 3*g - 6479. Is g a prime number?
True
Let o be 0*4/16 - 8/(-4). Let p be (-1)/(-1 + (-57)/(-60)). Suppose 3*q - o*z - 153 = 220, 5*z = p. Is q a composite number?
False
Suppose 0 = -2*y - 0 + 4. Suppose -3*h + 21 = -5*b, y*h = 7*h + b - 7. Suppose -4*z - 65 = -3*j, -5*z + 66 = 6*j - h*j. Is j a composite number?
False
Suppose s - 924 = -2*t + 1021, 0 = t - 5*s - 978. Suppose 3*o = -4*o + t. Suppose -5*b = -4*b - o. Is b prime?
True
Is (-3 - 0/3) + (237 - -17) a composite number?
False
Is ((-27)/135)/(1/(-13285)*1) composite?
False
Let k = -102330 - -159887. Is k prime?
True
Let n(m) = m**2 - 3*m + 9. Let p(r) = r**2 + 4*r - 4. Let i be p(-6). Suppose 4*t + 20 = i*t. Is n(t) a prime number?
True
Let l(z) be the second derivative of 4*z**4/3 - 9*z**2/2 - 9*z. Is l(-4) prime?
False
Let n(k) be the third derivative of -k**6/120 + k**5/4 - 5*k**4/24 + k**3/3 - 2*k**2. Suppose -3*p + 117 = 10*p. Is n(p) prime?
True
Is (6/(-8) - (-3)/(-12))*-1367 a prime